 = d**3 + 16*d**2 - 12*d + 15. What is the units digit of h(-13)?
8
Suppose -2*j - 5 = -13. Suppose -4*w + 41 = m, w + 0*w = -j*m + 29. What is the units digit of w?
9
What is the tens digit of (-240567)/(-153) + 1/(-3)?
7
Let p = 37 + -35. Let n be (-100)/(-6) + (-1)/(-3). Suppose -2*i = -k + p*i + 28, 0 = k + 5*i + n. What is the units digit of k?
8
Let f(j) be the second derivative of j**5/20 + 5*j**4/12 - 5*j**3/3 - 15*j**2/2 + 28*j. What is the units digit of f(-6)?
9
Let g(j) = j**2 + 4*j - 1. Let x be g(-5). Let n = x - 20. Let f = 42 + n. What is the tens digit of f?
2
Suppose t + 5*z - 2*z = 5, -2*t = 3*z - 1. What is the units digit of -37*(-3 - t/2)?
7
Let r = 184 + -58. Let x be (15/(-12))/(2/(-8)). Suppose -s = i - 4*s - 10, -x*i + r = 4*s. What is the units digit of i?
2
Suppose 1082 = -4*c - i + 5858, 4*c - 4776 = 4*i. What is the units digit of c?
4
Let l(d) = -d**2 - 2*d + 2. Let q be l(-2). Let a be q/6*(-1 - 20). Let j = a + 14. What is the units digit of j?
7
Suppose -16607 = -39*h + 7144. What is the hundreds digit of h?
6
Suppose 7*y + 38 = 9*y. What is the hundreds digit of 1/(4 + y/(-5))*39?
1
Let f be (((-16)/(-12))/1 + -1)*0. Suppose -4*d + f*d = -76. What is the tens digit of d?
1
Let y = -1352 + 2222. What is the tens digit of y?
7
Let i(t) be the second derivative of t**5/20 + 5*t**4/6 + 5*t**3/3 - 5*t**2/2 - 16*t. What is the units digit of i(-6)?
9
Suppose 3*p + 13 = -47. What is the tens digit of p/(-50) + (-516)/(-10)?
5
Suppose 0 = -2*n - 3*n + 765. What is the tens digit of n?
5
Let x(i) = -7*i - 7. Let j = -31 + 21. What is the units digit of x(j)?
3
Let s(i) = 28*i - 1. Let x be s(2). Suppose 6*w - 137 = x. What is the units digit of w?
2
Suppose 434*d - 453*d + 33535 = 0. What is the hundreds digit of d?
7
Let c be ((-315)/84)/(6/(-8)). Suppose -c*h + t + 147 = 0, 2*h - 2*t = 5*h - 83. What is the units digit of h?
9
Let y(h) = -3*h + 13 + 4*h - 16. Let v be y(7). Suppose 2*f + 156 = 6*f + 5*a, -3*f = v*a - 118. What is the units digit of f?
4
Suppose -3*f = f + 96. Suppose 47 = -4*a + 3. Let b = a - f. What is the units digit of b?
3
Let i(w) = 10*w - 2. Let d be i(-1). What is the tens digit of (-10 + -4)*6*9/d?
6
Suppose 2*t - 59 = -3. What is the tens digit of t?
2
Let h be ((-4)/(-4))/(-1)*-32. Suppose -b + h = -i, -4*b - 5*i + 170 = b. What is the units digit of b?
3
Let j(m) = 7*m**2 - 38*m + 668. What is the units digit of j(27)?
5
Suppose 4*a - 2*a - 512 = 0. Suppose -17*u + 15*u = -a. What is the tens digit of u?
2
Let m(a) = a**2 - a - 12. Let b be m(10). Let y = -63 + b. What is the units digit of y?
5
Suppose -2*y + 5*x = -423, -2*y - 5*x = -0*y - 393. Let m = -103 + y. What is the units digit of m?
1
Suppose 5*m = 3*m - 4*h + 6, 0 = -4*m - 2*h. Let b(a) = -a**2 + a + 1. Let v(x) = -4*x**2 - 4*x - 1. Let f(j) = m*v(j) - b(j). What is the units digit of f(-3)?
6
Let v = 2 - 4. Let c = -7 + v. What is the tens digit of (c - -6) + (1 - -23)?
2
Let y(t) = t - 4. Let p be y(4). Suppose p = 2*c - 4 - 6. Suppose x + c - 15 = 0. What is the units digit of x?
0
Let w be (60/(-50))/((-3)/20). Suppose 10*y = w*y + 52. Suppose 0 = o - y - 16. What is the units digit of o?
2
Let m = 304 - 188. What is the hundreds digit of m?
1
Let k = 933 - 513. What is the units digit of k?
0
Let z be 5/(-2*1/(-2)). Suppose -5*y = -5*q + 265, q - 2*q - z*y + 47 = 0. What is the tens digit of q?
5
Let x(b) = -8*b**3 + 5*b + 13*b**2 - 2*b + b + 3. Let j(g) = -2*g**3 + 3*g**2 + g + 1. Let i(q) = 9*j(q) - 2*x(q). What is the units digit of i(-2)?
1
Let p = -29 + 27. What is the tens digit of p/((-2)/(-46)*-2)?
2
Let o(r) = r**2 - 6*r - 14. Let f be o(7). Let m = -6 - f. What is the units digit of m/(-2)*-2*3?
3
Suppose 3*v - 8 = v. What is the tens digit of (15 + -2 + v)/((-14)/(-84))?
0
Let x(m) = 5*m**2 - 28*m + 174. What is the hundreds digit of x(18)?
2
Let q(z) = 6*z**2 + 17*z. Let f be q(-3). Suppose -5*u + 689 = 3*d, -2*u + 145 = -u - f*d. What is the tens digit of u?
3
Suppose -4*c + 3*c + 15 = 0. Suppose 2*o - 57 + c = 0. What is the tens digit of o?
2
What is the hundreds digit of (1056/(-64))/((-15)/2360)?
5
Suppose -4*i + 5*i - 3*l = -11, -5*l + 15 = 0. Let y(n) = 4*n + 6. Let o be y(7). Let t = o - i. What is the units digit of t?
6
Let t(i) = -2*i**3 - 3*i**2 + 8*i + 31. What is the tens digit of t(-8)?
9
Let l(y) = -2*y - 9. Let n be l(-6). Suppose -n*b = -6*b. Suppose 5*q + 0 - 75 = b. What is the tens digit of q?
1
Suppose f = 5*s - f, 2*s + 3*f = 0. Suppose -4*k = -4*t - 3*k + 154, s = -4*k - 8. What is the tens digit of t?
3
Suppose 72*y - 25*y - 11938 = 0. What is the hundreds digit of y?
2
What is the units digit of 529/4*3 - (-5)/4?
8
Suppose -4*x - 3*i + 52 = -170, x = -3*i + 51. What is the tens digit of x?
5
Let t = -88 + 58. Let z be t + 3*(-2)/3. Let w = -16 - z. What is the units digit of w?
6
Let x = 1045 + -549. What is the units digit of x?
6
Let y(n) = -23*n + 1. Suppose 2*x = 4*x + 2. What is the units digit of y(x)?
4
What is the tens digit of 2640/30 + -6 + 1?
8
Suppose 4*x + 4 = v - 5*v, 4*x + 40 = 5*v. Suppose 0 = v*z - 34 + 302. Let w = z + 102. What is the units digit of w?
5
Suppose 4*b = 5*a - 9, 5*b = 2*a + 9 + 1. Let f be 5 - (-3)/(-3) - b. Suppose f = -2*h - h + 27. What is the units digit of h?
9
Let q(s) = s**3 - 7*s**2 + 1. Let v be q(7). Let g be 0*(v - 4/6). Suppose 6*x - 2*x - 48 = g. What is the units digit of x?
2
Suppose -2*q + 3*o + 36 + 16 = 0, -5*q = -5*o - 125. Suppose -19*f + q*f - 100 = 0. What is the units digit of f?
5
Let u = -57 - -61. What is the tens digit of 3*-38*(-5 + u)?
1
Let u be 1265/46*8/10. Suppose v - u = 61. What is the units digit of v?
3
Let x(o) = 12*o**2 - 21*o + 145. What is the units digit of x(7)?
6
Suppose 13*w + 19*w - 54304 = 0. What is the tens digit of w?
9
Suppose 5*y + 315 = 8*y. What is the units digit of y?
5
Let w(s) = s**3 + 3*s**2 - 2*s - 3. Suppose 5*b - 3*b + 6 = 0. Let n be w(b). Suppose 76 + 5 = n*q. What is the units digit of q?
7
Suppose -237 = 8*j - 829. Suppose -42 - 20 = 2*g. Let o = g + j. What is the units digit of o?
3
Let u(a) = -9*a**2 + 11*a + 11. Let f be u(-4). Let q = f + 350. What is the units digit of q?
3
Suppose 5*v + 71 = 4*y, 2*v = -4*y + 9*y - 42. Let u = v - -13. Let n(a) = 2*a - 2. What is the units digit of n(u)?
2
Let g be 6/15 + 26/10. Let a = g + -1. Suppose -o - 5*z + 0*z = 10, -4*o + 14 = a*z. What is the units digit of o?
5
Suppose 2 = -2*n + 102. What is the tens digit of (n/8)/(18/144)?
5
Let k(s) = -6 + 2*s - 10*s + 26. What is the tens digit of k(-6)?
6
Suppose -4*b - 6 + 22 = 0. What is the units digit of -2 - (-31 - 16/b)?
3
What is the hundreds digit of 9 - (-1176 - (-2 + 0))?
1
Let h(l) = -l**3 - 7*l**2 - 5*l + 7. Let c be h(-6). Let q be 15 + 2 + (-1)/c. Let v = 35 - q. What is the tens digit of v?
1
Suppose -2*y - 3*y = -4*o + 1202, 2*o + 2*y - 610 = 0. Let f = -194 + o. What is the tens digit of f?
0
What is the hundreds digit of (-6719)/(-3) + 324/243?
2
Suppose 2*z - 10649 + 6709 = 0. What is the tens digit of z?
7
Let z be (1 - (-6)/4)*2. Suppose 0 = z*v + 3*s + 244, 39 + 2 = -v + 2*s. Let u = -25 - v. What is the units digit of u?
2
Suppose 10 - 78 = -34*c. Suppose -2*y = -0*y - 128. Suppose y = c*n - 0*n. What is the units digit of n?
2
What is the units digit of (1 - 31)*377/(-26)?
5
Suppose 3*b = -4*u + 43, 0*b - u - 36 = -2*b. Suppose 5*m = b + 8. Suppose 0 = -m*l + 45 + 75. What is the units digit of l?
4
Let x(j) = -52*j**3 + 4*j**2 + 11*j + 4. What is the hundreds digit of x(-3)?
4
Let l be ((-490)/21)/((-1)/3). Suppose -4*u + 11*u = l. Let c(d) = d**3 - 10*d**2 + 4*d - 15. What is the tens digit of c(u)?
2
Let x = 58 - 118. Let b = -19 - x. What is the units digit of b?
1
Suppose -3*k + 6 = 4*p, -k + 4 = k. Suppose 36 = -4*g - p*g. Let b(o) = o**3 + 9*o**2 - 2*o + 12. What is the tens digit of b(g)?
3
Let m(z) = z**2 + z + 1. Let j = -17 - -16. Let r(d) = 4*d**2 + 12*d + 2. Let w(l) = j*r(l) + 8*m(l). What is the tens digit of w(3)?
3
Suppose -3*q + 4*h + 16 = 0, 5*q + 0*h = 2*h + 22. Suppose -k + 115 = 4*k. Suppose 0 = -q*m + 3*m + k. What is the tens digit of m?
2
What is the tens digit of (-18645)/(-44) + 4/16?
2
Let h(m) = -m**2 - 5*m + 4. Let y be h(-7). What is the